What is the units digit of 3649?
9
What is the tens digit of 9180?
8
What is the units digit of 2100?
0
What is the hundreds digit of 27782?
7
What is the units digit of 750?
0
What is the hundreds digit of 7273?
2
What is the tens digit of 32174?
7
What is the ten thousands digit of 43214?
4
What is the thousands digit of 5848?
5
What is the tens digit of 3521?
2
What is the units digit of 9300?
0
What is the tens digit of 1223?
2
What is the thousands digit of 1747?
1
What is the tens digit of 103?
0
What is the tens digit of 105773?
7
What is the hundreds digit of 10485?
4
What is the ten thousands digit of 48010?
4
What is the tens digit of 101?
0
What is the units digit of 29569?
9
What is the tens digit of 1922?
2
What is the tens digit of 5731?
3
What is the tens digit of 674?
7
What is the hundreds digit of 929?
9
What is the ten thousands digit of 17376?
1
What is the thousands digit of 1520?
1
What is the units digit of 53?
3
What is the ten thousands digit of 15620?
1
What is the tens digit of 3146?
4
What is the tens digit of 889?
8
What is the hundreds digit of 60442?
4
What is the hundreds digit of 6788?
7
What is the thousands digit of 30567?
0
What is the tens digit of 520?
2
What is the ten thousands digit of 80974?
8
What is the hundreds digit of 6276?
2
What is the hundreds digit of 6031?
0
What is the units digit of 1068?
8
What is the thousands digit of 86491?
6
What is the hundreds digit of 1763?
7
What is the units digit of 80511?
1
What is the ten thousands digit of 37968?
3
What is the tens digit of 77154?
5
What is the tens digit of 64653?
5
What is the tens digit of 244?
4
What is the thousands digit of 1005?
1
What is the hundreds digit of 34230?
2
What is the tens digit of 13411?
1
What is the units digit of 127538?
8
What is the units digit of 1881?
1
What is the ten thousands digit of 30446?
3
What is the hundreds digit of 1000?
0
What is the ten thousands digit of 33648?
3
What is the units digit of 16792?
2
What is the units digit of 19544?
4
What is the tens digit of 23980?
8
What is the units digit of 2?
2
What is the units digit of 2920?
0
What is the units digit of 66809?
9
What is the thousands digit of 16590?
6
What is the units digit of 119928?
8
What is the ten thousands digit of 23959?
2
What is the hundreds digit of 1013?
0
What is the hundreds digit of 10065?
0
What is the units digit of 2728?
8
What is the hundreds digit of 1674?
6
What is the thousands digit of 9451?
9
What is the thousands digit of 1303?
1
What is the units digit of 59459?
9
What is the ten thousands digit of 21253?
2
What is the units digit of 986?
6
What is the tens digit of 1268?
6
What is the tens digit of 2082?
8
What is the units digit of 1401?
1
What is the units digit of 12820?
0
What is the units digit of 1822?
2
What is the tens digit of 49620?
2
What is the units digit of 55630?
0
What is the hundreds digit of 9219?
2
What is the thousands digit of 3488?
3
What is the units digit of 607?
7
What is the thousands digit of 4274?
4
What is the units digit of 279?
9
What is the hundreds digit of 1900?
9
What is the hundreds digit of 64963?
9
What is the hundreds digit of 268?
2
What is the units digit of 5600?
0
What is the thousands digit of 15653?
5
What is the units digit of 20852?
2
What is the ten thousands digit of 79421?
7
What is the units digit of 37788?
8
What is the tens digit of 3487?
8
What is the hundreds digit of 25021?
0
What is the thousands digit of 2867?
2
What is the hundreds digit of 14492?
4
What is the hundreds digit of 11196?
1
What is the tens digit of 702?
0
What is the tens digit of 13352?
5
What is the thousands digit of 18420?
8
What is the tens digit of 55611?
1
What is the thousands digit of 53418?
3
What is the tens digit of 2397?
9
What is the units digit of 48286?
6
What is the hundreds digit of 151375?
3
What is the thousands digit of 5493?
5
What is the thousands digit of 36776?
6
What is the units digit of 404?
4
What is the ten thousands digit of 21057?
2
What is the units digit of 1488?
8
What is the hundreds digit of 12694?
6
What is the hundreds digit of 1827?
8
What is the units digit of 1453?
3
What is the units digit of 43616?
6
What is the hundreds digit of 82454?
4
What is the thousands digit of 6070?
6
What is the hundreds digit of 18631?
6
What is the tens digit of 388?
8
What is the hundred thousands digit of 140055?
1
What is the tens digit of 528?
2
What is the hundreds digit of 5145?
1
What is the units digit of 738?
8
What is the ten thousands digit of 60035?
6
What is the hundred thousands digit of 131349?
1
What is the tens digit of 20102?
0
What is the units digit of 16248?
8
What is the tens digit of 268?
6
What is the thousands digit of 2190?
2
What is the ten thousands digit of 27565?
2
What is the tens digit of 2821?
2
What is the hundreds digit of 12084?
0
What is the units digit of 71842?
2
What is the units digit of 664?
4
What is the units digit of 9267?
7
What is the hundreds digit of 3418?
4
What is the ten thousands digit of 31641?
3
What is the tens digit of 1131?
3
What is the hundreds digit of 6039?
0
What is the hundreds digit of 30736?
7
What is the ten thousands digit of 19744?
1
What is the units digit of 36?
6
What is the tens digit of 993?
9
What is the tens digit of 4646?
4
What is the thousands digit of 1524?
1
What is the hundreds digit of 31163?
1
What is the thousands digit of 50144?
0
What is the tens digit of 92440?
4
What is the hundreds digit of 48887?
8
What is the tens digit of 15385?
8
What is the thousands digit of 1044?
1
What is the hundreds digit of 463?
4
What is the units digit of 1845?
5
What is the hundreds digit of 180929?
9
What is the thousands digit of 70874?
0
What is the thousands digit of 1052?
1
What is the hundreds digit of 13818?
8
What is the hundreds digit of 925?
9
What is the thousands digit of 8138?
8
What is the ten thousands digit of 35744?
3
What is the thousands digit of 25522?
5
What is the hundreds digit of 1939?
9
What is the thousands digit of 1313?
1
What is the hundreds digit of 349?
3
What is the ten thousands digit of 26308?
2
What is the thousands digit of 7127?
7
What is the tens digit of 797?
9
What is the tens digit of 24839?
3
What is the units digit of 108?
8
What is the tens digit of 1664?
6
What is the ten thousands digit of 29024?
2
What is the thousands digit of 4161?
4
What is the units digit of 13076?
6
What is the thousands digit of 2410?
2
What is the hundreds digit of 92016?
0
What is the tens digit of 136032?
3
What is the units digit of 25651?
1
What is the hundreds digit of 107386?
3
What is the thousands digit of 32419?
2
What is the hundred thousands digit of 148688?
1
What is the units digit of 8141?
1
What is the tens digit of 8429?
2
What is the tens digit of 1854?
5
What is the tens digit of 1160?
6
What is the units digit of 7953?
3
What is the hundreds digit of 15437?
4
What is the tens digit of 7137?
3
What is the units digit of 2183?
3
What is the units digit of 2741?
1
What is the tens digit of 10856?
5
What is the hundreds digit of 5256?
2
What is the units digit of 2251?
1
What is the thousands digit of 1070?
1
What is the hundreds digit of 239?
2
What is the units digit of 76?
6
What is the thousands digit of 68508?
8
What is the units digit of 302?
2
What is the hundreds digit of 52744?
7
What is the hundreds digit of 1254?
2
What is the tens digit of 43779?
7
What is the tens digit of 83325?
2
What is the hundreds digit of 9466?
4
What is the hundreds digit of 2234?
2
What is the units digit of 621?
1
What is the units digit of 69616?
6
What is the ten thousands digit of 23912?
2
What is the hundreds digit of 100?
1
What is the units digit of 14586?
6
What is the units digit of 37111?
1
What is the thousands digit of 1259?
1
What is the hundreds digit of 1444?
4
What is the hundreds digit of 2342?
3
What is the hundreds digit of 14268?
2
What is the tens digit of 1737?
3
What is the tens digit of 41165?
6
What is the thousands digit of 12804?
2
What is the thousands digit of 35832?
5
What is the units digit of 5659?
9
What is the tens digit of 948?
4
What is the hundreds digit of 2532?
5
What is the tens digit of 569?
6
What is the hundreds digit of 4002?
0
What is 